{"id":383,"date":"2025-07-03T13:42:47","date_gmt":"2025-07-03T11:42:47","guid":{"rendered":"https:\/\/ombouwen3.043test.nl\/terras\/"},"modified":"2025-07-10T11:33:28","modified_gmt":"2025-07-10T09:33:28","slug":"terras","status":"publish","type":"page","link":"https:\/\/poshoorn.nl\/de\/terras\/","title":{"rendered":"TERRAS"},"content":{"rendered":"<div data-elementor-type=\"wp-page\" data-elementor-id=\"383\" class=\"elementor elementor-383\" data-elementor-post-type=\"page\">\n\t\t\t\t<div class=\"elementor-element elementor-element-0bc3b75 e-flex e-con-boxed elementor-invisible e-con e-parent\" data-id=\"0bc3b75\" data-element_type=\"container\" data-e-type=\"container\" data-settings=\"{&quot;background_background&quot;:&quot;classic&quot;,&quot;animation&quot;:&quot;fadeIn&quot;,&quot;jet_parallax_layout_list&quot;:[]}\">\n\t\t\t\t\t<div class=\"e-con-inner\">\n\t\t<div class=\"elementor-element elementor-element-88a9bc2 e-con-full e-flex e-con e-child\" data-id=\"88a9bc2\" data-element_type=\"container\" data-e-type=\"container\" data-settings=\"{&quot;jet_parallax_layout_list&quot;:[]}\">\n\t\t\t\t<div class=\"elementor-element elementor-element-03f3743 elementor-widget elementor-widget-heading\" data-id=\"03f3743\" data-element_type=\"widget\" data-e-type=\"widget\" data-widget_type=\"heading.default\">\n\t\t\t\t<div class=\"elementor-widget-container\">\n\t\t\t\t\t<h1 class=\"elementor-heading-title elementor-size-default\">TERRAS<\/h1>\t\t\t\t<\/div>\n\t\t\t\t<\/div>\n\t\t\t\t<div class=\"elementor-element elementor-element-c57ece9 elementor-widget elementor-widget-text-editor\" data-id=\"c57ece9\" data-element_type=\"widget\" data-e-type=\"widget\" data-widget_type=\"text-editor.default\">\n\t\t\t\t<div class=\"elementor-widget-container\">\n\t\t\t\t\t\t\t\t\t<p>Einer unserer gro\u00dfen Vorz\u00fcge ist unsere lebhafte und gem\u00fctliche Terrasse mitten im Herzen von Wyck. Hier k\u00f6nnen Sie eine Tasse Kaffee, Fr\u00fchst\u00fcck, Mittagessen, Abendessen oder Getr\u00e4nke genie\u00dfen.<span class=\"Apple-converted-space\">\u00a0<\/span><\/p>\t\t\t\t\t\t\t\t<\/div>\n\t\t\t\t<\/div>\n\t\t\t\t<\/div>\n\t\t\t\t\t<\/div>\n\t\t\t\t<\/div>\n\t\t<div class=\"elementor-element elementor-element-a0d27ac e-flex e-con-boxed elementor-invisible e-con e-parent\" data-id=\"a0d27ac\" data-element_type=\"container\" data-e-type=\"container\" data-settings=\"{&quot;background_background&quot;:&quot;classic&quot;,&quot;animation&quot;:&quot;fadeIn&quot;,&quot;jet_parallax_layout_list&quot;:[]}\">\n\t\t\t\t\t<div class=\"e-con-inner\">\n\t\t<div class=\"elementor-element elementor-element-5095426 e-con-full e-flex e-con e-child\" data-id=\"5095426\" data-element_type=\"container\" data-e-type=\"container\" data-settings=\"{&quot;jet_parallax_layout_list&quot;:[]}\">\n\t\t\t\t<div class=\"elementor-element elementor-element-5b7d6b5 elementor-widget elementor-widget-heading\" data-id=\"5b7d6b5\" data-element_type=\"widget\" data-e-type=\"widget\" data-widget_type=\"heading.default\">\n\t\t\t\t<div class=\"elementor-widget-container\">\n\t\t\t\t\t<h2 class=\"elementor-heading-title elementor-size-default\">F\u00fcr Mittagessen, Getr\u00e4nke oder Abendessen <\/h2>\t\t\t\t<\/div>\n\t\t\t\t<\/div>\n\t\t\t\t<div class=\"elementor-element elementor-element-89d2590 elementor-widget__width-initial elementor-widget elementor-widget-text-editor\" data-id=\"89d2590\" data-element_type=\"widget\" data-e-type=\"widget\" data-widget_type=\"text-editor.default\">\n\t\t\t\t<div class=\"elementor-widget-container\">\n\t\t\t\t\t\t\t\t\t<p>Speziell f\u00fcr gr\u00f6\u00dfere Gruppen haben wir coole Picknickb\u00e4nke entworfen, an denen Sie mit 12 bis 24 Personen Getr\u00e4nke zu sich nehmen k\u00f6nnen. Ob hoch oder niedrig, wir haben immer einen sch\u00f6nen Platz zum Sitzen nach einem Tag Sightseeing Maastricht, eine Radtour durch die Limburger H\u00fcgel oder nach einem langen Tag der Schule oder Arbeit.<span class=\"Apple-converted-space\">\u00a0 <\/span><\/p><p><span class=\"Apple-converted-space\">Das Tolle an unserer Terrasse ist, dass sie genau zwischen Wyck und dem Maastrichter Hauptbahnhof liegt. Daher herrscht hier immer ein lebhaftes Treiben von Einheimischen, Eink\u00e4ufern, Tagesausfl\u00fcglern, Touristen und Gesch\u00e4ftsleuten. Ohne ohrenbet\u00e4ubend laut zu sein. Gem\u00fctliches Treiben, mit anderen Worten. Und wenn die Sonne scheint, sind Sie hier mehr als willkommen. Von morgens bis abends. Reservieren Sie sich einen Platz auf unserer Terrasse.<\/span><\/p>\t\t\t\t\t\t\t\t<\/div>\n\t\t\t\t<\/div>\n\t\t\t\t<\/div>\n\t\t<div class=\"elementor-element elementor-element-7d333da e-con-full e-flex e-con e-child\" data-id=\"7d333da\" data-element_type=\"container\" data-e-type=\"container\" data-settings=\"{&quot;jet_parallax_layout_list&quot;:[]}\">\n\t\t\t\t<div class=\"elementor-element elementor-element-1c5fb48 elementor-widget elementor-widget-image\" data-id=\"1c5fb48\" data-element_type=\"widget\" data-e-type=\"widget\" data-widget_type=\"image.default\">\n\t\t\t\t<div class=\"elementor-widget-container\">\n\t\t\t\t\t\t\t\t\t\t\t\t\t\t\t<img fetchpriority=\"high\" decoding=\"async\" width=\"1620\" height=\"1080\" src=\"https:\/\/poshoorn.nl\/wp-content\/uploads\/2025\/07\/de-Poshoorn-23-05-24-Social-Media-39.jpg\" class=\"attachment-full size-full wp-image-385\" alt=\"\" srcset=\"https:\/\/poshoorn.nl\/wp-content\/uploads\/2025\/07\/de-Poshoorn-23-05-24-Social-Media-39.jpg 1620w, https:\/\/poshoorn.nl\/wp-content\/uploads\/2025\/07\/de-Poshoorn-23-05-24-Social-Media-39-300x200.jpg 300w, https:\/\/poshoorn.nl\/wp-content\/uploads\/2025\/07\/de-Poshoorn-23-05-24-Social-Media-39-1024x683.jpg 1024w, https:\/\/poshoorn.nl\/wp-content\/uploads\/2025\/07\/de-Poshoorn-23-05-24-Social-Media-39-768x512.jpg 768w, https:\/\/poshoorn.nl\/wp-content\/uploads\/2025\/07\/de-Poshoorn-23-05-24-Social-Media-39-1536x1024.jpg 1536w\" sizes=\"(max-width: 1620px) 100vw, 1620px\" title=\"\">\t\t\t\t\t\t\t\t\t\t\t\t\t\t\t<\/div>\n\t\t\t\t<\/div>\n\t\t\t\t<\/div>\n\t\t\t\t\t<\/div>\n\t\t\t\t<\/div>\n\t\t<div class=\"elementor-element elementor-element-5a2ffe7 e-flex e-con-boxed elementor-invisible e-con e-parent\" data-id=\"5a2ffe7\" data-element_type=\"container\" data-e-type=\"container\" data-settings=\"{&quot;background_background&quot;:&quot;classic&quot;,&quot;animation&quot;:&quot;fadeIn&quot;,&quot;jet_parallax_layout_list&quot;:[]}\">\n\t\t\t\t\t<div class=\"e-con-inner\">\n\t\t<div class=\"elementor-element elementor-element-c259870 e-con-full e-flex e-con e-child\" data-id=\"c259870\" data-element_type=\"container\" data-e-type=\"container\" data-settings=\"{&quot;jet_parallax_layout_list&quot;:[]}\">\n\t\t\t\t<div class=\"elementor-element elementor-element-62ac31f elementor-widget elementor-widget-image\" data-id=\"62ac31f\" data-element_type=\"widget\" data-e-type=\"widget\" data-widget_type=\"image.default\">\n\t\t\t\t<div class=\"elementor-widget-container\">\n\t\t\t\t\t\t\t\t\t\t\t\t\t\t\t<img decoding=\"async\" src=\"https:\/\/poshoorn.nl\/wp-content\/uploads\/elementor\/thumbs\/de-Poshoorn-23-05-24-Social-Media-26-r8i75e6j9goph7qtjkt2h4kt6tgw10ovgin4toiw6o.jpg\" title=\"de-Poshoorn-23-05-24-Social-Media-26.jpg\" alt=\"de-Poshoorn-23-05-24-Social-Media-26.jpg\" loading=\"lazy\" \/>\t\t\t\t\t\t\t\t\t\t\t\t\t\t\t<\/div>\n\t\t\t\t<\/div>\n\t\t\t\t<\/div>\n\t\t<div class=\"elementor-element elementor-element-2a5ced1 e-con-full e-flex e-con e-child\" data-id=\"2a5ced1\" data-element_type=\"container\" data-e-type=\"container\" data-settings=\"{&quot;jet_parallax_layout_list&quot;:[]}\">\n\t\t\t\t<div class=\"elementor-element elementor-element-140eceb elementor-widget elementor-widget-heading\" data-id=\"140eceb\" data-element_type=\"widget\" data-e-type=\"widget\" data-widget_type=\"heading.default\">\n\t\t\t\t<div class=\"elementor-widget-container\">\n\t\t\t\t\t<h3 class=\"elementor-heading-title elementor-size-default\">Der perfekte Ausgangspunkt f\u00fcr Maastricht und die Umgebung<\/h3>\t\t\t\t<\/div>\n\t\t\t\t<\/div>\n\t\t\t\t<div class=\"elementor-element elementor-element-536b78d elementor-widget elementor-widget-text-editor\" data-id=\"536b78d\" data-element_type=\"widget\" data-e-type=\"widget\" data-widget_type=\"text-editor.default\">\n\t\t\t\t<div class=\"elementor-widget-container\">\n\t\t\t\t\t\t\t\t\t<p>Unsere Terrasse ist der perfekte Ausgangspunkt f\u00fcr einen Tagesausflug in Maastricht. Schlendern Sie durch die Stra\u00dfen von Wyck, blicken Sie auf die Maas, besuchen Sie die Liebfrauenbasilika und den Vrijthof. Genie\u00dfen Sie mittwochs und freitags vormittags die Lebendigkeit des Wochenmarktes auf dem Markt neben dem Rathaus, tauchen Sie ein in die sch\u00f6ne dominikanische Buchhandlung. Egal, woher Sie in der Stadt kommen, unsere Terrasse ist immer zu Fu\u00df erreichbar. Au\u00dferdem sind Sie in wenigen Minuten am Bahnhof, von wo aus Sie mit dem Zug oder Bus ins \u00fcbrige Limburg fahren k\u00f6nnen. Es gibt viel zu tun, zu sehen und zu entdecken, mit De Poshoorn als gem\u00fctlichem Ausgangspunkt und Fixpunkt.<\/p>\t\t\t\t\t\t\t\t<\/div>\n\t\t\t\t<\/div>\n\t\t\t\t<\/div>\n\t\t\t\t\t<\/div>\n\t\t\t\t<\/div>\n\t\t\t\t<\/div>","protected":false},"excerpt":{"rendered":"<p>TERRAS E\u00e9n van onze grote troeven is ons bruisende en gezellige terras, midden in Wyck. Hier kun je genieten van een kop koffie, ontbijt, lunch, diner of borrel.\u00a0 Voor lunch, borrel of diner Speciaal voor grotere groepen hebben we toffe picknickbanken laten ontwerpen, waaraan je met 12 tot 24 mensen kunt borrelen. Zowel hoog als [&hellip;]<\/p>\n","protected":false},"author":1,"featured_media":0,"parent":0,"menu_order":0,"comment_status":"closed","ping_status":"closed","template":"elementor_header_footer","meta":{"footnotes":""},"class_list":["post-383","page","type-page","status-publish","hentry"],"_links":{"self":[{"href":"https:\/\/poshoorn.nl\/de\/wp-json\/wp\/v2\/pages\/383","targetHints":{"allow":["GET"]}}],"collection":[{"href":"https:\/\/poshoorn.nl\/de\/wp-json\/wp\/v2\/pages"}],"about":[{"href":"https:\/\/poshoorn.nl\/de\/wp-json\/wp\/v2\/types\/page"}],"author":[{"embeddable":true,"href":"https:\/\/poshoorn.nl\/de\/wp-json\/wp\/v2\/users\/1"}],"replies":[{"embeddable":true,"href":"https:\/\/poshoorn.nl\/de\/wp-json\/wp\/v2\/comments?post=383"}],"version-history":[{"count":13,"href":"https:\/\/poshoorn.nl\/de\/wp-json\/wp\/v2\/pages\/383\/revisions"}],"predecessor-version":[{"id":872,"href":"https:\/\/poshoorn.nl\/de\/wp-json\/wp\/v2\/pages\/383\/revisions\/872"}],"wp:attachment":[{"href":"https:\/\/poshoorn.nl\/de\/wp-json\/wp\/v2\/media?parent=383"}],"curies":[{"name":"wp","href":"https:\/\/api.w.org\/{rel}","templated":true}]}}

<div data-elementor-type="wp-page" data-elementor-id="383" class="elementor elementor-383" data-elementor-post-type="page">
				<div class="elementor-element elementor-element-0bc3b75 e-flex e-con-boxed elementor-invisible e-con e-parent" data-id="0bc3b75" data-element_type="container" data-e-type="container" data-settings="{&quot;background_background&quot;:&quot;classic&quot;,&quot;animation&quot;:&quot;fadeIn&quot;,&quot;jet_parallax_layout_list&quot;:[]}">
					<div class="e-con-inner">
		<div class="elementor-element elementor-element-88a9bc2 e-con-full e-flex e-con e-child" data-id="88a9bc2" data-element_type="container" data-e-type="container" data-settings="{&quot;jet_parallax_layout_list&quot;:[]}">
				<div class="elementor-element elementor-element-03f3743 elementor-widget elementor-widget-heading" data-id="03f3743" data-element_type="widget" data-e-type="widget" data-widget_type="heading.default">
				<div class="elementor-widget-container">
					<h1 class="elementor-heading-title elementor-size-default">TERRAS</h1>				</div>
				</div>
				<div class="elementor-element elementor-element-c57ece9 elementor-widget elementor-widget-text-editor" data-id="c57ece9" data-element_type="widget" data-e-type="widget" data-widget_type="text-editor.default">
				<div class="elementor-widget-container">
									<p>Einer unserer großen Vorzüge ist unsere lebhafte und gemütliche Terrasse mitten im Herzen von Wyck. Hier können Sie eine Tasse Kaffee, Frühstück, Mittagessen, Abendessen oder Getränke genießen.<span class="Apple-converted-space"> </span></p>								</div>
				</div>
				</div>
					</div>
				</div>
		<div class="elementor-element elementor-element-a0d27ac e-flex e-con-boxed elementor-invisible e-con e-parent" data-id="a0d27ac" data-element_type="container" data-e-type="container" data-settings="{&quot;background_background&quot;:&quot;classic&quot;,&quot;animation&quot;:&quot;fadeIn&quot;,&quot;jet_parallax_layout_list&quot;:[]}">
					<div class="e-con-inner">
		<div class="elementor-element elementor-element-5095426 e-con-full e-flex e-con e-child" data-id="5095426" data-element_type="container" data-e-type="container" data-settings="{&quot;jet_parallax_layout_list&quot;:[]}">
				<div class="elementor-element elementor-element-5b7d6b5 elementor-widget elementor-widget-heading" data-id="5b7d6b5" data-element_type="widget" data-e-type="widget" data-widget_type="heading.default">
				<div class="elementor-widget-container">
					<h2 class="elementor-heading-title elementor-size-default">Für Mittagessen, Getränke oder Abendessen </h2>				</div>
				</div>
				<div class="elementor-element elementor-element-89d2590 elementor-widget__width-initial elementor-widget elementor-widget-text-editor" data-id="89d2590" data-element_type="widget" data-e-type="widget" data-widget_type="text-editor.default">
				<div class="elementor-widget-container">
									<p>Speziell für größere Gruppen haben wir coole Picknickbänke entworfen, an denen Sie mit 12 bis 24 Personen Getränke zu sich nehmen können. Ob hoch oder niedrig, wir haben immer einen schönen Platz zum Sitzen nach einem Tag Sightseeing Maastricht, eine Radtour durch die Limburger Hügel oder nach einem langen Tag der Schule oder Arbeit.<span class="Apple-converted-space">  </span></p><p><span class="Apple-converted-space">Das Tolle an unserer Terrasse ist, dass sie genau zwischen Wyck und dem Maastrichter Hauptbahnhof liegt. Daher herrscht hier immer ein lebhaftes Treiben von Einheimischen, Einkäufern, Tagesausflüglern, Touristen und Geschäftsleuten. Ohne ohrenbetäubend laut zu sein. Gemütliches Treiben, mit anderen Worten. Und wenn die Sonne scheint, sind Sie hier mehr als willkommen. Von morgens bis abends. Reservieren Sie sich einen Platz auf unserer Terrasse.</span></p>								</div>
				</div>
				</div>
		<div class="elementor-element elementor-element-7d333da e-con-full e-flex e-con e-child" data-id="7d333da" data-element_type="container" data-e-type="container" data-settings="{&quot;jet_parallax_layout_list&quot;:[]}">
				<div class="elementor-element elementor-element-1c5fb48 elementor-widget elementor-widget-image" data-id="1c5fb48" data-element_type="widget" data-e-type="widget" data-widget_type="image.default">
				<div class="elementor-widget-container">
															<img fetchpriority="high" decoding="async" width="1620" height="1080" src="https://poshoorn.nl/wp-content/uploads/2025/07/de-Poshoorn-23-05-24-Social-Media-39.jpg" class="attachment-full size-full wp-image-385" alt="" srcset="https://poshoorn.nl/wp-content/uploads/2025/07/de-Poshoorn-23-05-24-Social-Media-39.jpg 1620w, https://poshoorn.nl/wp-content/uploads/2025/07/de-Poshoorn-23-05-24-Social-Media-39-300x200.jpg 300w, https://poshoorn.nl/wp-content/uploads/2025/07/de-Poshoorn-23-05-24-Social-Media-39-1024x683.jpg 1024w, https://poshoorn.nl/wp-content/uploads/2025/07/de-Poshoorn-23-05-24-Social-Media-39-768x512.jpg 768w, https://poshoorn.nl/wp-content/uploads/2025/07/de-Poshoorn-23-05-24-Social-Media-39-1536x1024.jpg 1536w" sizes="(max-width: 1620px) 100vw, 1620px" title="">															</div>
				</div>
				</div>
					</div>
				</div>
		<div class="elementor-element elementor-element-5a2ffe7 e-flex e-con-boxed elementor-invisible e-con e-parent" data-id="5a2ffe7" data-element_type="container" data-e-type="container" data-settings="{&quot;background_background&quot;:&quot;classic&quot;,&quot;animation&quot;:&quot;fadeIn&quot;,&quot;jet_parallax_layout_list&quot;:[]}">
					<div class="e-con-inner">
		<div class="elementor-element elementor-element-c259870 e-con-full e-flex e-con e-child" data-id="c259870" data-element_type="container" data-e-type="container" data-settings="{&quot;jet_parallax_layout_list&quot;:[]}">
				<div class="elementor-element elementor-element-62ac31f elementor-widget elementor-widget-image" data-id="62ac31f" data-element_type="widget" data-e-type="widget" data-widget_type="image.default">
				<div class="elementor-widget-container">
															<img decoding="async" src="https://poshoorn.nl/wp-content/uploads/elementor/thumbs/de-Poshoorn-23-05-24-Social-Media-26-r8i75e6j9goph7qtjkt2h4kt6tgw10ovgin4toiw6o.jpg" title="de-Poshoorn-23-05-24-Social-Media-26.jpg" alt="de-Poshoorn-23-05-24-Social-Media-26.jpg" loading="lazy" />															</div>
				</div>
				</div>
		<div class="elementor-element elementor-element-2a5ced1 e-con-full e-flex e-con e-child" data-id="2a5ced1" data-element_type="container" data-e-type="container" data-settings="{&quot;jet_parallax_layout_list&quot;:[]}">
				<div class="elementor-element elementor-element-140eceb elementor-widget elementor-widget-heading" data-id="140eceb" data-element_type="widget" data-e-type="widget" data-widget_type="heading.default">
				<div class="elementor-widget-container">
					<h3 class="elementor-heading-title elementor-size-default">Der perfekte Ausgangspunkt für Maastricht und die Umgebung</h3>				</div>
				</div>
				<div class="elementor-element elementor-element-536b78d elementor-widget elementor-widget-text-editor" data-id="536b78d" data-element_type="widget" data-e-type="widget" data-widget_type="text-editor.default">
				<div class="elementor-widget-container">
									<p>Unsere Terrasse ist der perfekte Ausgangspunkt für einen Tagesausflug in Maastricht. Schlendern Sie durch die Straßen von Wyck, blicken Sie auf die Maas, besuchen Sie die Liebfrauenbasilika und den Vrijthof. Genießen Sie mittwochs und freitags vormittags die Lebendigkeit des Wochenmarktes auf dem Markt neben dem Rathaus, tauchen Sie ein in die schöne dominikanische Buchhandlung. Egal, woher Sie in der Stadt kommen, unsere Terrasse ist immer zu Fuß erreichbar. Außerdem sind Sie in wenigen Minuten am Bahnhof, von wo aus Sie mit dem Zug oder Bus ins übrige Limburg fahren können. Es gibt viel zu tun, zu sehen und zu entdecken, mit De Poshoorn als gemütlichem Ausgangspunkt und Fixpunkt.</p>								</div>
				</div>
				</div>
					</div>
				</div>
				</div>

<p>TERRAS Eén van onze grote troeven is ons bruisende en gezellige terras, midden in Wyck. Hier kun je genieten van een kop koffie, ontbijt, lunch, diner of borrel.  Voor lunch, borrel of diner Speciaal voor grotere groepen hebben we toffe picknickbanken laten ontwerpen, waaraan je met 12 tot 24 mensen kunt borrelen. Zowel hoog als [&hellip;]</p>
